
-1e0
In base 8, what is -3 + -326?
-331
In base 4, what is -1012 + -21?
-1033
In base 9, what is -22 + 1103?
1071
In base 3, what is -1 + -2100?
-2101
In base 7, what is 3212 + -1?
3211
In base 7, what is -330 - 24?
-354
In base 16, what is -1f - -6?
-19
In base 5, what is 12 + 111?
123
In base 6, what is 0 + -140?
-140
In base 2, what is 101 + 100000?
100101
In base 4, what is -3 + 103301?
103232
In base 16, what is -447 + -23?
-46a
In base 3, what is 1000022 + -12?
1000010
In base 12, what is a1a + 0?
a1a
In base 8, what is -1 - -63?
62
In base 4, what is 2 - -23112?
23120
In base 7, what is -1 - -6400?
6366
In base 11, what is -1a + -38?
-57
In base 4, what is -122 - -23312?
23130
In base 2, what is 100010101 - 100?
100010001
In base 5, what is 12003 + 2?
12010
In base 3, what is 12220 + 11?
20001
In base 4, what is 0 + 313?
313
In base 15, what is -5c6 - -4?
-5c2
In base 13, what is 9 + -55?
-49
In base 16, what is 5e7b - 2?
5e79
In base 11, what is -1 + -34?
-35
In base 6, what is -5 + -212?
-221
In base 16, what is a + 1c?
26
In base 5, what is 343310 + -3?
343302
In base 9, what is -4 - -32?
27
In base 2, what is -100100 + -10100100?
-11001000
In base 2, what is -1100010 - 100?
-1100110
In base 13, what is -2 + 912?
910
In base 9, what is 4 - -108?
113
In base 2, what is -10110011101 + -10?
-10110011111
In base 11, what is -3366 + -4?
-336a
In base 3, what is 200 - 1022210?
-1022010
In base 11, what is 1 + 25?
26
In base 14, what is 4 - 6c?
-68
In base 10, what is -9 - -66?
57
In base 2, what is 11001101 - -10001?
11011110
In base 13, what is -1 - -a?
9
In base 16, what is 18 - -78?
90
In base 9, what is -25 - 0?
-25
In base 16, what is -13 + -9?
-1c
In base 11, what is -1034 - 2?
-1036
In base 16, what is 12 + 379?
38b
In base 15, what is d26 - 1?
d25
In base 6, what is -1513 - -1?
-1512
In base 16, what is -242 - 3?
-245
In base 2, what is -11000 + 1010?
-1110
In base 5, what is 12 + -434?
-422
In base 14, what is 5 + 74?
79
In base 12, what is -1 - 51?
-52
In base 11, what is 3 - -48?
50
In base 8, what is 2 + 4?
6
In base 14, what is 4 + 2b0?
2b4
In base 6, what is -22121 + -10?
-22131
In base 2, what is -11 - 1011011110010?
-1011011110101
In base 10, what is -4 - -3153?
3149
In base 3, what is 1200 - -101?
2001
In base 4, what is 33233 - -11?
33310
In base 14, what is -2b - 20?
-4b
In base 12, what is -2 + -321?
-323
In base 6, what is 4 - 4?
0
In base 11, what is -6 + -91?
-97
In base 11, what is -3 - -a0a?
a07
In base 14, what is -2cc + 5?
-2c7
In base 11, what is -19 + -7?
-25
In base 13, what is -5ac + -4?
-5b3
In base 11, what is -183 - 0?
-183
In base 12, what is 3a8 - -5?
3b1
In base 7, what is -10 + 11?
1
In base 8, what is -2201 - -4?
-2175
In base 8, what is -162 + -147?
-331
In base 7, what is 5 + -344?
-336
In base 6, what is 155 + 0?
155
In base 10, what is -158 + -5?
-163
In base 8, what is 5 - -1116?
1123
In base 16, what is 383 - -1?
384
In base 13, what is 1b + -22?
-4
In base 5, what is -2 - 21414?
-21421
In base 10, what is 3 + -125?
-122
In base 13, what is -84 - -2?
-82
In base 16, what is 6 + 2a0?
2a6
In base 12, what is 2 - ba?
-b8
In base 5, what is 4 + -101301?
-101242
In base 5, what is 4 - -41341?
41400
In base 6, what is 131233 + -2?
131231
In base 4, what is 10 - 12011?
-12001
In base 4, what is -1110 + -10?
-1120
In base 12, what is 118 - -6?
122
In base 7, what is -146 - -5?
-141
In base 15, what is 0 + -e40?
-e40
In base 2, what is -1101101 + 110?
-1100111
In base 8, what is 42 - 0?
42
In base 4, what is -100 + -10?
-110
In base 6, what is 105 + 43?
152
In base 2, what is 1001 - -1010100110?
1010101111
In base 16, what is 22 - -b?
2d
In base 2, what is -10 + 110110?
110100
In base 3, what is -11 - 2?
-20
In base 16, what is -2 - 3c?
-3e
In base 2, what is -10100 + 10011?
-1
In base 11, what is -6 - 5?
-10
In base 10, what is -9 - -23?
14
In base 7, what is 35 - 245?
-210
In base 4, what is 0 + 2003?
2003
In base 2, what is -101 + 10101000?
10100011
In base 15, what is 10a4 + -2?
10a2
In base 2, what is 11 - -111?
1010
In base 10, what is 5 + -84?
-79
In base 3, what is 102 + -2020?
-1211
In base 11, what is -3 - 270?
-273
In base 15, what is 15b - -2?
15d
In base 6, what is -2 + 15103?
15101
In base 9, what is -17 - 80?
-107
In base 9, what is 4813 + 3?
4816
In base 9, what is -276 + 2?
-274
In base 10, what is -5 - -54?
49
In base 9, what is 2 - -685?
687
In base 7, what is -22615 + -4?
-22622
In base 14, what is 56b - 7?
564
In base 3, what is 2022 - 0?
2022
In base 3, what is 2021101 + 0?
2021101
In base 13, what is -7 + -859?
-863
In base 9, what is 0 + 382?
382
In base 6, what is -20 + -2212?
-2232
In base 2, what is 10110 + 10101000?
10111110
In base 2, what is -100010100010101 - -10?
-100010100010011
In base 10, what is -2 + -5249?
-5251
In base 2, what is -101001 + -1101?
-110110
In base 4, what is -112322 - -11?
-112311
In base 8, what is 3 - -2155?
2160
In base 8, what is -2533 - -2?
-2531
In base 16, what is 9 - -e?
17
In base 6, what is -342 + 0?
-342
In base 5, what is -10 + -4103?
-4113
In base 7, what is 12 - 1356?
-1344
In base 14, what is -19a + -3?
-19d
In base 15, what is -a - 9?
-14
In base 8, what is -5 + -37?
-44
In base 12, what is 312 - 6?
308
In base 15, what is -2bb2 - 2?
-2bb4
In base 9, what is -4 + -34?
-38
In base 14, what is 8 + 2b?
35
In base 8, what is 4 - -216?
222
In base 13, what is 6 + 52?
58
In base 5, what is 2 - 140?
-133
In base 11, what is -2 + 47a?
478
In base 6, what is -4 - -2210?
2202
In base 14, what is 1c2 + 3?
1c5
In base 12, what is -4 + -2b88?
-2b90
In base 13, what is -12 + -62?
-74
In base 10, what is 158 + -1?
157
In base 7, what is -23 - -14?
-6
In base 12, what is -67 + -3?
-6a
In base 14, what is -3ab - 0?
-3ab
In base 5, what is 14 - 210?
-141
In base 11, what is -16 + -1?
-17
In base 3, what is -11 - 1222?
-2010
In base 12, what is -5 + 1ab3?
1aaa
In base 11, what is 18 - 153?
-136
In base 11, what is 4 - -44?
48
In base 16, what is 0 - 35a?
-35a
In base 14, what is -38a + 3?
-387
In base 2, what is 11 - -100000100011?
100000100110
In base 7, what is 14 - -11?
25
In base 8, what is -535 - -3?
-532
In base 14, what is b1 - 2?
ad
In base 2, what is -101 + -11110000000?
-11110000101
In base 2, what is -10 + 1101100110?
1101100100
In base 14, what is -a1c + -6?
-a24
In base 6, what is -2242 - -4?
-2234
In base 16, what is 6 - -1e?
24
In base 7, what is 166 - 15?
151
In base 5, what is -3 + -13011?
-13014
In base 14, what is -4bda - 4?
-4c00
In base 13, what is -3 + -978?
-97b
In base 12, what is 620 - 4?
618
In base 14, what is -5023 - 0?
-5023
In base 4, what is 32 + 3221?
3313
In base 6, what is 2 - 22?
-20
In base 3, what is -1201 - -11?
-1120
In base 16, what is -4a - 13?
-5d
In base 14, what is 2 + -4?
-2
In base 15, what is -54 + -32?
-86
In base 4, what is 201132 + 13?
201211
In base 7, what is 4 + -3364?
-3360
In base 11, what is 135 - 5?
130
In base 9, what is 1476 + 4?
1481
In base 16, what is 19 - e?
b
In base 15, what is 2 - -2a2?
2a4
In base 5, what is 1412 - 10?
1402
In base 3, what is -101 + -102100?
-102201
In base 3, what is -100110 + -2?
-100112
In base 11, what is 1 + 436?
437
In base 15, what is 12a0 + -3?
129c
In base 14, what is c + -d?
-1
In base 2, what is -1000100 - 10011?
-1010111
In base 5, what is 1 + 131240?
131241
In base 7, what is 5 - 35?
-30
In base 14, what is -1 - 1c?
-1d
In base 16, what is -9 - aa?
-b3
In base 10, what is 454 - -3?
457
In base 16, what is -1e3 - 9?
-1ec
In base 14, what is -2d - 102?
-131
In base 9, what is 224 + -3?
221
In base 4, what is -3 - -33?
30
In base 3, what is 10 + -211012?
-211002
In base 16, what is -4 + 4?
0
In base 7, what is 22 - -3?
25
In base 6, what is -3053 - -3?
-3050
In base 7, what is 0 - 214?
-214
In base 7, what is -60 + -40?
-130
In base 11, what is -2 + -317?
-319
In base 3, what is -11020 + 11012?
-1
In base 6, what is -1330 - 4?
-1334
In base 15, what is 3e - -4c?
8b
In base 15, what is 0 - -49c?
49c
In base 10, what is -735 - 5?
-740
In base 4, what is 11 + -3?
2
In base 3, what is 1221201 + 12?
1221220
In base 4, what is -11 + 203232?
203221
In base 12, what is -5 - -917?
912
In base 5, what is -3413 - 4?
-3422
In base 16, what is -3 + 12e?
12b
In base 5, w